{"id":139,"date":"2024-07-10T22:40:11","date_gmt":"2024-07-10T20:40:11","guid":{"rendered":"https:\/\/baronchloe-avocat.fr\/?page_id=139"},"modified":"2024-09-10T09:52:11","modified_gmt":"2024-09-10T07:52:11","slug":"honoraires","status":"publish","type":"page","link":"https:\/\/baronchloe-avocat.fr\/?page_id=139","title":{"rendered":"HONORAIRES"},"content":{"rendered":"\n<hr \/><p><p style=\"text-align: justify;\">Conform\u00e9ment aux r\u00e8gles d\u00e9ontologiques de la profession, l\u2019honoraire est fix\u00e9 en fonction <em>\u00ab&nbsp;de la situation de fortune du client, de la difficult\u00e9 de l\u2019affaire, des frais expos\u00e9s par l\u2019avocat, de sa notori\u00e9t\u00e9 et des diligences de celui-ci&nbsp;\u00bb&nbsp;<\/em>(article 11 du RIN).<\/p>\n<p><p style=\"text-align: justify;\"><br>D\u00e8s le premier rendez-vous, apr\u00e8s une \u00e9tude pr\u00e9alable de votre dossier et de la strat\u00e9gie \u00e0 adopter, Chlo\u00e9 Baron vous proposera en toute transparence une convention d\u2019honoraire la plus adapt\u00e9e \u00e0 votre situation&nbsp;:<\/p><\/p>\n\n\n\n<ul class=\"wp-block-list\">\n<li>L\u2019honoraire&nbsp;\u00ab&nbsp;forfaitaire&nbsp;\u00bb&nbsp;comprenant l\u2019ensemble des diligences accomplies par le cabinet (rendez-vous, analyse du dossier, entretiens t\u00e9l\u00e9phoniques, courriers, r\u00e9daction d\u2019actes, audiences de plaidoirie\u2026).<\/li>\n\n\n\n<li>L\u2019honoraire \u00ab\u00a0au temps pass\u00e9\u00a0\u00bb, \u00e9tabli au regard du nombre d\u2019heures consacr\u00e9 au traitement du dossier et selon un taux horaire pr\u00e9alablement convenu avec le client.<\/li>\n\n\n\n<li>L\u2019honoraire \u00ab&nbsp;de r\u00e9sultat&nbsp;\u00bb&nbsp;: selon la nature de l\u2019affaire, l\u2019honoraire \u00ab&nbsp;forfaitaire&nbsp;\u00bb ou \u00ab&nbsp;au temps pass\u00e9&nbsp;\u00bb peut \u00eatre compl\u00e9t\u00e9 d\u2019un honoraire de r\u00e9sultat, correspondance \u00e0 un pourcentage sur les sommes obtenues ou \u00e9conomis\u00e9es par le client<\/li>\n<\/ul>\n\n\n\n<p><p style=\"text-align: justify;\">Il appartient au client de v\u00e9rifier aupr\u00e8s de ses diff\u00e9rents contrats d\u2019assurance s\u2019il b\u00e9n\u00e9ficie d\u2019une garantie \u00ab&nbsp;protection juridique&nbsp;\u00bb, laquelle permet une prise en charge par l\u2019assureur, en tout ou partie, des honoraires fix\u00e9es par la convention d\u2019honoraires.<\/p><\/p>\n\n\n\n<p><p style=\"text-align: justify;\">Chlo\u00e9 Baron accepte d\u2019intervenir au titre de l\u2019aide juridictionnelle selon la nature de la proc\u00e9dure. Ce mode de r\u00e9mun\u00e9ration, permettant au client de b\u00e9n\u00e9ficier d&#8217;une prise en charge totale ou partielle par l&#8217;\u00c9tat des honoraires et frais de justice, est soumis \u00e0 des conditions de ressources r\u00e9\u00e9valu\u00e9es annuellement par l\u2019Etat. Cette question sera abord\u00e9e d\u00e8s le premier rendez-vous.<\/p><\/p>\n\n\n\n<div class=\"wp-block-group is-nowrap is-layout-flex wp-container-core-group-is-layout-ad2f72ca wp-block-group-is-layout-flex\">\n<br \/>\n<\/div>\n\n\n\n<p><\/p>\n","protected":false},"excerpt":{"rendered":"<p>Conform\u00e9ment aux r\u00e8gles d\u00e9ontologiques de la profession, l\u2019honoraire est fix\u00e9 en fonction \u00ab&nbsp;de la situation de fortune du client, de la difficult\u00e9 de l\u2019affaire, des frais expos\u00e9s par l\u2019avocat, de sa notori\u00e9t\u00e9 et des diligences de celui-ci&nbsp;\u00bb&nbsp;(article 11 du RIN). D\u00e8s le premier rendez-vous, apr\u00e8s une \u00e9tude pr\u00e9alable de votre [&hellip;]<\/p>\n","protected":false},"author":1,"featured_media":0,"parent":0,"menu_order":0,"comment_status":"closed","ping_status":"closed","template":"","meta":{"footnotes":""},"class_list":["post-139","page","type-page","status-publish","hentry"],"_links":{"self":[{"href":"https:\/\/baronchloe-avocat.fr\/index.php?rest_route=\/wp\/v2\/pages\/139","targetHints":{"allow":["GET"]}}],"collection":[{"href":"https:\/\/baronchloe-avocat.fr\/index.php?rest_route=\/wp\/v2\/pages"}],"about":[{"href":"https:\/\/baronchloe-avocat.fr\/index.php?rest_route=\/wp\/v2\/types\/page"}],"author":[{"embeddable":true,"href":"https:\/\/baronchloe-avocat.fr\/index.php?rest_route=\/wp\/v2\/users\/1"}],"replies":[{"embeddable":true,"href":"https:\/\/baronchloe-avocat.fr\/index.php?rest_route=%2Fwp%2Fv2%2Fcomments&post=139"}],"version-history":[{"count":20,"href":"https:\/\/baronchloe-avocat.fr\/index.php?rest_route=\/wp\/v2\/pages\/139\/revisions"}],"predecessor-version":[{"id":355,"href":"https:\/\/baronchloe-avocat.fr\/index.php?rest_route=\/wp\/v2\/pages\/139\/revisions\/355"}],"wp:attachment":[{"href":"https:\/\/baronchloe-avocat.fr\/index.php?rest_route=%2Fwp%2Fv2%2Fmedia&parent=139"}],"curies":[{"name":"wp","href":"https:\/\/api.w.org\/{rel}","templated":true}]}}